ded by 9?
3
Calculate the remainder when 386 is divided by 22.
12
What is the remainder when 154 is divided by 4?
2
What is the remainder when 3438 is divided by 172?
170
What is the remainder when 869 is divided by 15?
14
What is the remainder when 107 is divided by 53?
1
Calculate the remainder when 359 is divided by 63.
44
What is the remainder when 390 is divided by 19?
10
Calculate the remainder when 2988 is divided by 49.
48
Calculate the remainder when 1219 is divided by 386.
61
Calculate the remainder when 115 is divided by 24.
19
Calculate the remainder when 71 is divided by 35.
1
What is the remainder when 373 is divided by 185?
3
What is the remainder when 115 is divided by 55?
5
Calculate the remainder when 3287 is divided by 1639.
9
What is the remainder when 52 is divided by 26?
0
Calculate the remainder when 147 is divided by 25.
22
What is the remainder when 262 is divided by 45?
37
What is the remainder when 237 is divided by 6?
3
What is the remainder when 107 is divided by 35?
2
Calculate the remainder when 4793 is divided by 158.
53
What is the remainder when 971 is divided by 959?
12
What is the remainder when 75 is divided by 32?
11
Calculate the remainder when 290 is divided by 79.
53
What is the remainder when 1055 is divided by 82?
71
What is the remainder when 309 is divided by 53?
44
Calculate the remainder when 148 is divided by 34.
12
Calculate the remainder when 373 is divided by 155.
63
What is the remainder when 7707 is divided by 15?
12
Calculate the remainder when 868 is divided by 190.
108
What is the remainder when 2752 is divided by 51?
49
What is the remainder when 394 is divided by 22?
20
What is the remainder when 3779 is divided by 15?
14
Calculate the remainder when 358 is divided by 40.
38
What is the remainder when 952 is divided by 99?
61
Calculate the remainder when 558 is divided by 93.
0
What is the remainder when 93 is divided by 58?
35
Calculate the remainder when 1301 is divided by 313.
49
What is the remainder when 130 is divided by 66?
64
Calculate the remainder when 379 is divided by 74.
9
What is the remainder when 684 is divided by 174?
162
What is the remainder when 851 is divided by 46?
23
What is the remainder when 792 is divided by 13?
12
Calculate the remainder when 1547 is divided by 67.
6
Calculate the remainder when 7739 is divided by 45.
44
Calculate the remainder when 9277 is divided by 29.
26
What is the remainder when 378 is divided by 32?
26
What is the remainder when 1293 is divided by 59?
54
Calculate the remainder when 173 is divided by 97.
76
Calculate the remainder when 340 is divided by 49.
46
What is the remainder when 39039 is divided by 162?
159
What is the remainder when 1290 is divided by 9?
3
What is the remainder when 3255 is divided by 651?
0
Calculate the remainder when 2028 is divided by 337.
6
Calculate the remainder when 1102 is divided by 8.
6
What is the remainder when 5458 is divided by 182?
180
What is the remainder when 601 is divided by 281?
39
What is the remainder when 222 is divided by 77?
68
Calculate the remainder when 574 is divided by 77.
35
What is the remainder when 656 is divided by 3?
2
Calculate the remainder when 2180 is divided by 26.
22
Calculate the remainder when 1015 is divided by 258.
241
Calculate the remainder when 146 is divided by 6.
2
Calculate the remainder when 458 is divided by 66.
62
What is the remainder when 491 is divided by 130?
101
Calculate the remainder when 389 is divided by 33.
26
What is the remainder when 547 is divided by 24?
19
What is the remainder when 47 is divided by 21?
5
Calculate the remainder when 603 is divided by 60.
3
Calculate the remainder when 564 is divided by 560.
4
Calculate the remainder when 57 is divided by 13.
5
Calculate the remainder when 103 is divided by 18.
13
Calculate the remainder when 40 is divided by 6.
4
Calculate the remainder when 420 is divided by 100.
20
What is the remainder when 4445 is divided by 39?
38
Calculate the remainder when 773 is divided by 194.
191
What is the remainder when 543 is divided by 16?
15
Calculate the remainder when 1288 is divided by 61.
7
Calculate the remainder when 352 is divided by 137.
78
What is the remainder when 1074 is divided by 77?
73
What is the remainder when 606 is divided by 32?
30
Calculate the remainder when 205 is divided by 48.
13
What is the remainder when 506 is divided by 485?
21
Calculate the remainder when 613 is divided by 64.
37
What is the remainder when 146 is divided by 20?
6
Calculate the remainder when 357 is divided by 8.
5
Calculate the remainder when 39405 is divided by 34.
33
What is the remainder when 854 is divided by 67?
50
Calculate the remainder when 225 is divided by 79.
67
Calculate the remainder when 1155 is divided by 10.
5
Calculate the remainder when 611 is divided by 204.
203
Calculate the remainder when 823 is divided by 14.
11
Calculate the remainder when 4594 is divided by 2290.
14
What is the remainder when 100 is divided by 55?
45
What is the remainder when 51672 is divided by 15?
12
What is the remainder when 343 is divided by 39?
31
What is the remainder when 1794 is divided by 298?
6
Calculate the remainder when 384 is divided by 78.
72
Calculate the remainder when 545 is divided by 178.
11
What is the remainder when 207 is divided by 27?
18
What is the remainder when 550 is divided by 104?
30
Calculate the remainder when 195 is divided by 75.
45
Calculate the remainder when 10410 is divided by 9.
6
Calculate the remainder when 747 is divided by 267.
213
Calculate the remainder when 132 is divided by 17.
13
Calculate the remainder when 250 is divided by 11.
8
Calculate the remainder when 7749 is divided by 60.
9
What is the remainder when 4785 is divided by 435?
0
Calculate the remainder when 2622 is divided by 21.
18
Calculate the remainder when 369 is divided by 84.
33
What is the remainder when 97 is divided by 6?
1
Calculate the remainder when 623 is divided by 78.
77
What is the remainder when 582 is divided by 15?
12
Calculate the remainder when 271 is divided by 39.
37
What is the remainder when 2393 is divided by 117?
53
Calculate the remainder when 97 is divided by 35.
27
Calculate the remainder when 1214 is divided by 174.
170
Calculate the remainder when 416 is divided by 69.
2
What is the remainder when 6285 is divided by 12?
9
What is the remainder when 64 is divided by 27?
10
What is the remainder when 277 is divided by 113?
51
Calculate the remainder when 1103 is divided by 17.
15
What is the remainder when 228 is divided by 92?
44
Calculate the remainder when 422 is divided by 72.
62
Calculate the remainder when 5212 is divided by 521.
2
Calculate the remainder when 546 is divided by 57.
33
Calculate the remainder when 132 is divided by 106.
26
What is the remainder when 65 is divided by 58?
7
What is the remainder when 2622 is divided by 32?
30
Calculate the remainder when 142 is divided by 39.
25
Calculate the remainder when 126 is divided by 16.
14
Calculate the remainder when 187 is divided by 24.
19
Calculate the remainder when 388 is divided by 13.
11
Calculate the remainder when 21732 is divided by 20.
12
Calculate the remainder when 10839 is divided by 20.
19
What is the remainder when 426 is divided by 134?
24
What is the remainder when 53 is divided by 12?
5
What is the remainder when 265 is divided by 21?
13
Calculate the remainder when 205 is divided by 23.
21
What is the remainder when 322 is divided by 109?
104
Calculate the remainder when 2254 is divided by 37.
34
Calculate the remainder when 2185 is divided by 245.
225
What is the remainder when 333 is divided by 33?
3
Calculate the remainder when 1424 is divided by 42.
38
What is the remainder when 70 is divided by 18?
16
What is the remainder when 3478 is divided by 87?
85
Calculate the remainder when 241 is divided by 126.
115
What is the remainder when 1277 is divided by 72?
53
What is the remainder when 295 is divided by 15?
10
What is the remainder when 772 is divided by 25?
22
Calculate the remainder when 47 is divided by 39.
8
What is the remainder when 209 is divided by 62?
23
Calculate the remainder when 1227 is divided by 305.
7
Calculate the remainder when 1102 is divided by 348.
58
Calculate the re